*2 - 61*t + 60. What are the prime factors of i(1)?
2, 23, 151
List the prime factors of (-3104)/((-2254)/112 + 20).
2, 97
Suppose 0 = -9*y - 378. Let t = y + 49. What are the prime factors of -4 + 172/t + (-3)/(-7)?
3, 7
Let a be 2/((-12)/30)*(-1068)/30. Let v = 955 - a. What are the prime factors of v?
3, 7, 37
Suppose 2*d - 3*b = 83, -5*d - 9*b + 12*b = -203. Suppose 16*h = d*h - 3480. What are the prime factors of h?
5, 29
Let r = 34390 - 17840. What are the prime factors of r?
2, 5, 331
Let d(o) = -26*o + 56. Let s be d(2). Suppose 0 = -s*j - 32*q + 34*q + 3408, -j + 3*q + 862 = 0. What are the prime factors of j?
2, 5, 17
Suppose -68*x + 2760156 = 374920. List the prime factors of x.
7, 5011
Let a = 284 + -281. Suppose 3*w - 756 = -12*d + 9*d, 4*w = -a*d + 758. What are the prime factors of d?
2, 5
Suppose -467*v = -469*v + 18588. What are the prime factors of v?
2, 3, 1549
Suppose 41*c - 42*c = -15. Suppose -19*m - c = -24*m. Suppose -426 = -m*p + p. What are the prime factors of p?
3, 71
Suppose 308*r + 2022483 = 25460975. List the prime factors of r.
76099
Let z(g) = 6*g - 9. Let a be z(3). Let j(w) = 17*w + 6*w - w + a*w + 19. What are the prime factors of j(7)?
2, 59
Suppose a + 40 = -169. Let l = a + 484. Suppose 17*p - 22*p + l = 0. List the prime factors of p.
5, 11
Let r be ((-32)/(-48))/(2/(-393)). Let x = -131 - r. Suppose -4*h = -5*c + 179, -c - 3*h + 4*h + 36 = x. What are the prime factors of c?
5, 7
List the prime factors of ((-12902)/(-13))/((-326)/(-4238)).
2, 6451
Let k = -328 - -126. Let z = k + 328. Let a = z - 12. What are the prime factors of a?
2, 3, 19
What are the prime factors of 73/((-6132)/56) - (-128840)/3?
2, 109, 197
Suppose 25*h + 20 = 26*h. List the prime factors of ((h/(-12))/5)/((-5)/2895).
193
Let w be 63 + -1 + -1 + 0. Let g be -2 + -4 - (2 - -36). Let v = g + w. List the prime factors of v.
17
Let r(o) = -o**3 + 20*o**2 + 22*o - 18. Let f be r(21). Let p(j) = 17*j**2 - 2*j. What are the prime factors of p(f)?
3, 7
Let n(f) = -f**3 + 16*f**2 - 20*f + 31. Let r be 12/8*12 - 3. Let a be n(r). Let g = 110 + a. What are the prime factors of g?
2, 3, 11
Let v = -177 - -5997. What are the prime factors of v?
2, 3, 5, 97
What are the prime factors of ((-48)/12 + 2)/((-4)/8386)?
7, 599
Suppose 0 = -210*r + 573439 + 703781. List the prime factors of r.
2, 3041
Suppose -3*g = 5*l + 27 - 2, -2*g + 10 = -2*l. What are the prime factors of 0 - (2 - 151) - g?
149
Let c(r) = -13*r - 39. Let k be c(-3). What are the prime factors of 0 + 3 - (1 - 81) - k?
83
Let s = -188 + 192. Suppose 4*i + 35 - 583 = -4*l, -s*l + 4*i = -572. List the prime factors of l.
2, 5, 7
Let f = 6689 - 12073. List the prime factors of 2*(-1)/(-4) + f/(-16).
337
Let k = -51 + 54. Let l be (2 - (-12)/(-8))*(k - -7). Suppose 4*v - 3*t + 271 = 8*v, -l*t = -25. What are the prime factors of v?
2
Let k be ((-3)/(-1))/(3/72*-9). List the prime factors of (-2 + -5 + -55)*k*1.
2, 31
Suppose 0 = -h - h + 3*q + 339, 0 = 2*q - 6. Suppose p + 5*o - h = -0*p, 174 = p - 2*o. Suppose -5*i + 296 + p = 0. What are the prime factors of i?
2, 47
Suppose 3*h + i = 24, -5*h - 5*i = -3*i - 39. Suppose -m - 1 = -4*r, 5*m - 3*r - h = m. Suppose -2 = f - 2*f, 3*o = -m*f + 441. What are the prime factors of o?
5, 29
Let s(y) = 218*y + 217*y + 15 + 2*y**2 + 221*y - 648*y - 90. What are the prime factors of s(15)?
3, 5, 11
Suppose -4*i = 104 + 12. What are the prime factors of (-485 + (1 - 1))*(i - -28)?
5, 97
Suppose 2*o = -3*l + 18373, 0 = 2*o + 58 - 50. List the prime factors of l.
11, 557
Suppose 0 = 9*o - 207 + 81. Let p(l) = 13*l**3 - 7*l**2 - 29*l**3 + 5*l - 10 + o*l**3. List the prime factors of p(-6).
2, 5, 7
Suppose -2*q + 5*l + 755 = -276, -5*q + 5*l + 2540 = 0. Suppose -2354 = -3*n + 2*c - q, n - 5*c = 617. List the prime factors of n.
617
Let s = -13343 + 37997. What are the prime factors of s?
2, 3, 7, 587
Suppose 3*v + 0*v - 5 = 5*i, v - 9 = -2*i. Suppose -v*u - 436 = -1556. What are the prime factors of u?
2, 7
Suppose 5*o = 4*k + 5, -2*k = -1 - 9. Suppose -2428 = -4*n + 4*w, o*n + 5*w - w = 3062. What are the prime factors of n?
2, 5, 61
Suppose 0 = 64*o - 65*o + 3. Let y(l) = 6 + 0*l + 2*l**3 + 0 - 3*l**o - 4*l + 7*l**2. What are the prime factors of y(6)?
2, 3
Let u be -4 - (-3 - 1 - 163). Let k = -120 + u. What are the prime factors of k?
43
Let m = 47 - 25. Let l = m - 28. Let p(y) = y**3 + 10*y**2 + 8*y + 4. List the prime factors of p(l).
2, 5
Let q(n) = n**2 - 8*n - 7. Let i(v) = 13*v - 69. Let l(s) = -9*s + 46. Let k(o) = 5*i(o) + 7*l(o). Let p be k(10). What are the prime factors of q(p)?
2, 13
Let b be ((-488)/(-8))/(-1 + 2). Let a = b - -7. Let u = -10 + a. List the prime factors of u.
2, 29
Suppose -51 = -2*q - q. Let z = -3152 + 3156. Suppose z*g = 211 + q. What are the prime factors of g?
3, 19
Let y = -265 - -260. Let g(k) = 5*k**2 - 26*k - 14. What are the prime factors of g(y)?
241
Let d = 107119 - 71739. What are the prime factors of d?
2, 5, 29, 61
Suppose -88 = -3*t + 11. Suppose -40*a + t*a = 448. What are the prime factors of (a/(-12))/((-3)/(-9))?
2
Let p = -61 + 102. Let j = -39 + p. What are the prime factors of j/8 + (-534)/(-8) + 7?
2, 37
Let m(a) = -a**3 - 12*a**2 + 5*a + 13. Let j(i) = -i**3 + i**2 + 2*i - 3. Let y be j(0). Let k(x) = 6*x + 5. Let q be k(y). What are the prime factors of m(q)?
3, 13
Let c(d) = -10*d + 307. Let z be c(30). Suppose z*w + 1579 = 9993. What are the prime factors of w?
2, 601
Suppose 436 = 4*y - 3*f, -3*y = f + 5*f - 327. List the prime factors of y.
109
Let i = 29 - 75. Let r = 198 - 110. Let l = r + i. List the prime factors of l.
2, 3, 7
Suppose -2204 = -4*c - 3*n, 0*c + 4*n + 1102 = 2*c. Let u = -780 + c. Let w = 333 + u. List the prime factors of w.
2, 13
Let x be 28*((-320)/(-56))/10. Suppose -x*m + 2283 = 331. List the prime factors of m.
2, 61
What are the prime factors of ((30/8)/(3/4632))/(3/4)?
2, 5, 193
Suppose 4*n = 8*n. Suppose -p + 18 = 4*l, -4*p - 5*l + 42 - 3 = n. Suppose 239 = b - p. What are the prime factors of b?
5, 7
Let d(r) = 151*r**2 + 13*r + 6. List the prime factors of d(-6).
2, 3, 149
Let l be ((-5)/(-2))/(15/(-10))*-3. Suppose -h + t = 3*h + 13, 4*t - 30 = l*h. List the prime factors of 113 - 9 - 2*h.
2, 3
Let w(z) = -12*z**2 - 4*z + 10. Let b be w(-6). Let q = b - -576. Let n = q - 37. What are the prime factors of n?
3, 47
Let q = -75 + 77. Suppose -2*r - q*r - 20 = 0, 1055 = 3*t - r. List the prime factors of t.
2, 5, 7
Let c = 2 + -4. Let g(w) = 1 + 2*w + 90*w**2 - 91*w**2 - 7*w**3 - 4*w. List the prime factors of g(c).
3, 19
Let t(x) = 4*x**3 - 3*x**2 - 3*x - 4. Suppose 43 = 4*w + 3. Suppose w = 3*o + 1. List the prime factors of t(o).
2, 17
Suppose -3*l = j - 28, -l - l + 4*j = 0. Let a(u) = u**3 - 9*u**2 + 7*u + 11. Let p be a(l). Suppose -p*c + 771 = -0*c. What are the prime factors of c?
257
What are the prime factors of (-345)/(217/(-18) - -12)?
2, 3, 5, 23
Let f = 42 - 40. Suppose -3*j + 20 = -f*y, 15 = -y + 4*y. What are the prime factors of 682/j + (-1)/5?
2, 17
Suppose 2*s - 7554 = 5*f, -94*s = -92*s - 3*f - 7562. List the prime factors of s.
7, 541
Let t(i) = -i**3 - 2*i**2 + 16*i + 11. Let p be t(-12). Suppose -p - 4929 = -13*x. List the prime factors of x.
2, 7, 17
Suppose 3*w = -x + 1857, -3*x + 5*w + 2753 = -2818. What are the prime factors of x?
3, 619
Suppose -b - 3 = -2*z, 2*z = -8*b + 5*b + 31. Suppose 0 = -b*n - 0*n + 49. Suppose 0*c = -c + n. What are the prime factors of c?
7
Suppose 231993*r = 232010*r - 1256079. List the prime factors of r.
3, 11, 2239
Let n = 34 - 13. Let z = 24 - n. Suppose -2*y + 22 = -z*u - 55, -2*y + u = -79. List the prime factors of y.
2, 5
Let a be 1*((-2)/(-17) + (-1200)/(-204)). What are the prime factors of a + (-1)/(6/(-5082))?
853
Suppose 0 = -8*x + 1373 + 17203. List the prime factors of x.
2, 3, 43
Suppose 7*l = 6489 + 1743. Let y = 1 - -6. Suppose 0*g = y*g - l. What are the prime factors of g?
2, 3, 7
Let v(y) = 5 + 0 - 5*y - 3*y. Let d = 53 - 56. What are the prime factors of v(d)?
29
Suppose 5*o + 4*q - 13 = 7*q, -5 = 5*q. Suppose -2*h + 219 = -o*c - 391, 3*h = -4*c + 936. What are the prime factors of h?
2, 7, 11
Let x be 100/16 + -6 - (-31)/4. Suppose -x*c - 25 = -13*c. Suppose 5*b - c*f - 343 = b, 